{"id":7,"date":"2016-05-03T15:46:48","date_gmt":"2016-05-03T13:46:48","guid":{"rendered":"http:\/\/www.marienviertel.de\/rohlofs\/wordpress\/?page_id=7"},"modified":"2018-02-01T15:14:00","modified_gmt":"2018-02-01T14:14:00","slug":"geschichte","status":"publish","type":"page","link":"https:\/\/www.marienviertel.de\/rohlofs\/geschichte\/","title":{"rendered":"Geschichte"},"content":{"rendered":"<blockquote><p>Neu auf dieser Seite (ganz unten): Luftbilder, die die Entwicklung unserer Ecke von 1926 bis 1998 zeigen &#8230;<\/p><\/blockquote>\n<figure id=\"attachment_14\" aria-describedby=\"caption-attachment-14\" style=\"width: 437px\" class=\"wp-caption alignleft\"><img loading=\"lazy\" decoding=\"async\" class=\"wp-image-14 \" src=\"http:\/\/www.marienviertel.de\/rohlofs\/wordpress\/wp-content\/uploads\/2016\/05\/Hausansicht-Rohlof-01.jpg\" alt=\"Hausansicht Rohlof 01\" width=\"437\" height=\"429\" srcset=\"https:\/\/www.marienviertel.de\/rohlofs\/wordpress\/wp-content\/uploads\/2016\/05\/Hausansicht-Rohlof-01.jpg 466w, https:\/\/www.marienviertel.de\/rohlofs\/wordpress\/wp-content\/uploads\/2016\/05\/Hausansicht-Rohlof-01-300x294.jpg 300w\" sizes=\"(max-width: 437px) 85vw, 437px\" \/><figcaption id=\"caption-attachment-14\" class=\"wp-caption-text\">Hausansicht Hof Rohlof<\/figcaption><\/figure>\n<p>Als Anfang der 60er Jahre unser Stra\u00dfennamensgeber Bauer Rohlof seinen Hof aufgab, damit dort die Gerhart-Hauptmann-Realschule gebaut werden konnte, erwarb die Dorstener Maschinenfabrik einen schmalen Grundst\u00fccksteil am \u00f6stlichen Rand.<\/p>\n<p>Ab Anfang der 70er Jahre verkaufte die Dorstener diese Grundst\u00fccke, zumeist an Mitarbeiter; einige Grundst\u00fccke wurden frei vermarktet.<\/p>\n<p>Die Arbeitskollegen kannten sich gut, waren befreundet aus der Arbeit, dem Werkschor, dem Werkstennisclub, einem Kegelclub. Schon w\u00e4hrend der Bauphase der einzelnen H\u00e4user ergab sich schnell eine Solidargemeinschaft auch mit den Nicht-Werksangeh\u00f6rigen.<\/p>\n<figure id=\"attachment_15\" aria-describedby=\"caption-attachment-15\" style=\"width: 800px\" class=\"wp-caption aligncenter\"><img loading=\"lazy\" decoding=\"async\" class=\"wp-image-15 size-full\" src=\"http:\/\/www.marienviertel.de\/rohlofs\/wordpress\/wp-content\/uploads\/2016\/05\/Dorstener_maschinenfabrik.Briefkopf.jpg\" alt=\"Dorstener_maschinenfabrik.Briefkopf\" width=\"800\" height=\"302\" srcset=\"https:\/\/www.marienviertel.de\/rohlofs\/wordpress\/wp-content\/uploads\/2016\/05\/Dorstener_maschinenfabrik.Briefkopf.jpg 800w, https:\/\/www.marienviertel.de\/rohlofs\/wordpress\/wp-content\/uploads\/2016\/05\/Dorstener_maschinenfabrik.Briefkopf-300x113.jpg 300w, https:\/\/www.marienviertel.de\/rohlofs\/wordpress\/wp-content\/uploads\/2016\/05\/Dorstener_maschinenfabrik.Briefkopf-768x290.jpg 768w\" sizes=\"(max-width: 800px) 85vw, 800px\" \/><figcaption id=\"caption-attachment-15\" class=\"wp-caption-text\">alter Briefkopf<\/figcaption><\/figure>\n<p>Als Ende 1975, Anfang 1976 die ersten H\u00e4user auf dem Rohlofs Hof bezogen waren, warteten die damaligen Bewohner sehnlichst auf die Befestigung der Stra\u00dfe, die dann ab dem Sommer 1976 ihr asphaltgraues Gesicht endlich zeigte: ein sehr guter Grund f\u00fcr ein Stra\u00dfenfest!<\/p>\n<p><img loading=\"lazy\" decoding=\"async\" class=\"alignnone wp-image-63 size-medium\" src=\"http:\/\/www.marienviertel.de\/rohlofs\/wordpress\/wp-content\/uploads\/2016\/05\/IMG_3183-300x200.jpg\" alt=\"IMG_3183\" width=\"300\" height=\"200\" srcset=\"https:\/\/www.marienviertel.de\/rohlofs\/wordpress\/wp-content\/uploads\/2016\/05\/IMG_3183-300x200.jpg 300w, https:\/\/www.marienviertel.de\/rohlofs\/wordpress\/wp-content\/uploads\/2016\/05\/IMG_3183-768x512.jpg 768w, https:\/\/www.marienviertel.de\/rohlofs\/wordpress\/wp-content\/uploads\/2016\/05\/IMG_3183-1024x682.jpg 1024w, https:\/\/www.marienviertel.de\/rohlofs\/wordpress\/wp-content\/uploads\/2016\/05\/IMG_3183-1200x800.jpg 1200w, https:\/\/www.marienviertel.de\/rohlofs\/wordpress\/wp-content\/uploads\/2016\/05\/IMG_3183.jpg 1600w\" sizes=\"(max-width: 300px) 85vw, 300px\" \/> <img loading=\"lazy\" decoding=\"async\" class=\"alignnone wp-image-65 size-medium\" src=\"http:\/\/www.marienviertel.de\/rohlofs\/wordpress\/wp-content\/uploads\/2016\/05\/IMG_3185-300x200.jpg\" alt=\"IMG_3185\" width=\"300\" height=\"200\" srcset=\"https:\/\/www.marienviertel.de\/rohlofs\/wordpress\/wp-content\/uploads\/2016\/05\/IMG_3185-300x200.jpg 300w, https:\/\/www.marienviertel.de\/rohlofs\/wordpress\/wp-content\/uploads\/2016\/05\/IMG_3185-768x512.jpg 768w, https:\/\/www.marienviertel.de\/rohlofs\/wordpress\/wp-content\/uploads\/2016\/05\/IMG_3185-1024x682.jpg 1024w, https:\/\/www.marienviertel.de\/rohlofs\/wordpress\/wp-content\/uploads\/2016\/05\/IMG_3185-1200x800.jpg 1200w, https:\/\/www.marienviertel.de\/rohlofs\/wordpress\/wp-content\/uploads\/2016\/05\/IMG_3185.jpg 1600w\" sizes=\"(max-width: 300px) 85vw, 300px\" \/><\/p>\n<p><img loading=\"lazy\" decoding=\"async\" class=\"alignnone wp-image-61\" src=\"http:\/\/www.marienviertel.de\/rohlofs\/wordpress\/wp-content\/uploads\/2016\/05\/IMG_3187-300x200.jpg\" alt=\"IMG_3187\" width=\"299\" height=\"199\" srcset=\"https:\/\/www.marienviertel.de\/rohlofs\/wordpress\/wp-content\/uploads\/2016\/05\/IMG_3187-300x200.jpg 300w, https:\/\/www.marienviertel.de\/rohlofs\/wordpress\/wp-content\/uploads\/2016\/05\/IMG_3187-768x512.jpg 768w, https:\/\/www.marienviertel.de\/rohlofs\/wordpress\/wp-content\/uploads\/2016\/05\/IMG_3187-1024x682.jpg 1024w, https:\/\/www.marienviertel.de\/rohlofs\/wordpress\/wp-content\/uploads\/2016\/05\/IMG_3187-1200x800.jpg 1200w, https:\/\/www.marienviertel.de\/rohlofs\/wordpress\/wp-content\/uploads\/2016\/05\/IMG_3187.jpg 1600w\" sizes=\"(max-width: 299px) 85vw, 299px\" \/>\u00a0<img loading=\"lazy\" decoding=\"async\" class=\"alignnone wp-image-62 size-medium\" src=\"http:\/\/www.marienviertel.de\/rohlofs\/wordpress\/wp-content\/uploads\/2016\/05\/IMG_3189-300x200.jpg\" alt=\"IMG_3189\" width=\"300\" height=\"200\" srcset=\"https:\/\/www.marienviertel.de\/rohlofs\/wordpress\/wp-content\/uploads\/2016\/05\/IMG_3189-300x200.jpg 300w, https:\/\/www.marienviertel.de\/rohlofs\/wordpress\/wp-content\/uploads\/2016\/05\/IMG_3189-768x512.jpg 768w, https:\/\/www.marienviertel.de\/rohlofs\/wordpress\/wp-content\/uploads\/2016\/05\/IMG_3189-1024x682.jpg 1024w, https:\/\/www.marienviertel.de\/rohlofs\/wordpress\/wp-content\/uploads\/2016\/05\/IMG_3189-1200x800.jpg 1200w, https:\/\/www.marienviertel.de\/rohlofs\/wordpress\/wp-content\/uploads\/2016\/05\/IMG_3189.jpg 1600w\" sizes=\"(max-width: 300px) 85vw, 300px\" \/><\/p>\n<p>Gleichzeitig war dieses Fest die Geburtsstunde der \u201eNachbarschaft Rohlofs Hof\u201c.<\/p>\n<p>1977 wurden dieser Nachbarschaft wenige Regeln gegeben, die bis heute gelten: es gibt einen gemeinsamen Gang in den Mai, ein Sommerfest, zwischenzeitlich 2, 3 Stammtische, einen kleinen Jahresbeitrag f\u00fcr die Freud- und Leidkasse und &#8211; das hat sich als besonders richtig und wichtig erwiesen \u2013 jeweils zwei Familien sind j\u00e4hrlich wechselnd f\u00fcr die Organisation zust\u00e4ndig.<\/p>\n<p>So kamen wir &#8218;Rohlofs Hofer&#8216; in den Genuss sehr vieler verschiedener Ziele und Themen f\u00fcr die Maig\u00e4nge, variantenreicher Sommerfeste, die wohl so attraktiv waren, dass auch mittlerweile 4 &#8218;Exklaven&#8216; bestehen, Familien, die nicht mehr in unserer Stra\u00dfe wohnen, sich aber dem nachbarschaftlichen Miteinander weiterhin zugeh\u00f6rig f\u00fchlen.<\/p>\n<p>Luftbilder 1926 &#8211; 1998<\/p>\n<style id=\"bwg-style-0\">    #bwg_container1_0 #bwg_container2_0 .bwg-container-0.bwg-standard-thumbnails {      width: 1504px;              justify-content: center;        margin:0 auto !important;              background-color: rgba(255, 255, 255, 0.00);            padding-left: 4px;      padding-top: 4px;      max-width: 100%;            }        #bwg_container1_0 #bwg_container2_0 .bwg-container-0.bwg-standard-thumbnails .bwg-item {    justify-content: flex-start;      max-width: 300px;            width: 300px !important;          }    #bwg_container1_0 #bwg_container2_0 .bwg-container-0.bwg-standard-thumbnails .bwg-item a {       margin-right: 4px;       margin-bottom: 4px;    }    #bwg_container1_0 #bwg_container2_0 .bwg-container-0.bwg-standard-thumbnails .bwg-item0 {      padding: 0px;            background-color:rgba(255,255,255, 0.30);      border: 0px none #CCCCCC;      opacity: 1.00;      border-radius: 0;      box-shadow: 0px 0px 0px #888888;    }    #bwg_container1_0 #bwg_container2_0 .bwg-container-0.bwg-standard-thumbnails .bwg-item1 img {      max-height: none;      max-width: none;      padding: 0 !important;    }        @media only screen and (min-width: 480px) {      #bwg_container1_0 #bwg_container2_0 .bwg-container-0.bwg-standard-thumbnails .bwg-item0 {        transition: all 0.3s ease 0s;-webkit-transition: all 0.3s ease 0s;      }      #bwg_container1_0 #bwg_container2_0 .bwg-container-0.bwg-standard-thumbnails .bwg-item0:hover {        -ms-transform: scale(1.1);        -webkit-transform: scale(1.1);        transform: scale(1.1);      }    }          #bwg_container1_0 #bwg_container2_0 .bwg-container-0.bwg-standard-thumbnails .bwg-item1 {      padding-top: 66.666666666667%;    }        #bwg_container1_0 #bwg_container2_0 .bwg-container-0.bwg-standard-thumbnails .bwg-title2,    #bwg_container1_0 #bwg_container2_0 .bwg-container-0.bwg-standard-thumbnails .bwg-ecommerce2 {      color: #CCCCCC;      font-family: segoe ui;      font-size: 16px;      font-weight: bold;      padding: 2px;      text-shadow: 0px 0px 0px #888888;      max-height: 100%;    }    #bwg_container1_0 #bwg_container2_0 .bwg-container-0.bwg-standard-thumbnails .bwg-thumb-description span {    color: #323A45;    font-family: Ubuntu;    font-size: 12px;    max-height: 100%;    word-wrap: break-word;    }    #bwg_container1_0 #bwg_container2_0 .bwg-container-0.bwg-standard-thumbnails .bwg-play-icon2 {      font-size: 32px;    }    #bwg_container1_0 #bwg_container2_0 .bwg-container-0.bwg-standard-thumbnails .bwg-ecommerce2 {      font-size: 19.2px;      color: #CCCCCC;    }    <\/style>    <div id=\"bwg_container1_0\"         class=\"bwg_container bwg_thumbnail bwg_thumbnails \"         data-right-click-protection=\"0\"         data-bwg=\"0\"         data-scroll=\"0\"         data-gallery-type=\"thumbnails\"         data-gallery-view-type=\"thumbnails\"         data-current-url=\"\/rohlofs\/wp-json\/wp\/v2\/pages\/7\"         data-lightbox-url=\"https:\/\/www.marienviertel.de\/rohlofs\/wordpress\/wp-admin\/admin-ajax.php?action=GalleryBox&#038;current_view=0&#038;gallery_id=12&#038;tag=0&#038;theme_id=1&#038;shortcode_id=15&#038;sort_by=alt&#038;order_by=asc&#038;current_url=%2Frohlofs%2Fwp-json%2Fwp%2Fv2%2Fpages%2F7\"         data-gallery-id=\"12\"         data-popup-width=\"800\"         data-popup-height=\"500\"         data-is-album=\"gallery\"         data-buttons-position=\"bottom\">      <div id=\"bwg_container2_0\">             <div id=\"ajax_loading_0\" class=\"bwg_loading_div_1\">      <div class=\"bwg_loading_div_2\">        <div class=\"bwg_loading_div_3\">          <div id=\"loading_div_0\" class=\"bwg_spider_ajax_loading\">          <\/div>        <\/div>      <\/div>    <\/div>            <form id=\"gal_front_form_0\"              class=\"bwg-hidden\"              method=\"post\"              action=\"#\"              data-current=\"0\"              data-shortcode-id=\"15\"              data-gallery-type=\"thumbnails\"              data-gallery-id=\"12\"              data-tag=\"0\"              data-album-id=\"0\"              data-theme-id=\"1\"              data-ajax-url=\"https:\/\/www.marienviertel.de\/rohlofs\/wordpress\/wp-admin\/admin-ajax.php?action=bwg_frontend_data\">          <div id=\"bwg_container3_0\" class=\"bwg-background bwg-background-0\">                <div data-max-count=\"5\"         data-thumbnail-width=\"300\"         data-bwg=\"0\"         data-gallery-id=\"12\"         data-lightbox-url=\"https:\/\/www.marienviertel.de\/rohlofs\/wordpress\/wp-admin\/admin-ajax.php?action=GalleryBox&amp;current_view=0&amp;gallery_id=12&amp;tag=0&amp;theme_id=1&amp;shortcode_id=15&amp;sort_by=alt&amp;order_by=asc&amp;current_url=%2Frohlofs%2Fwp-json%2Fwp%2Fv2%2Fpages%2F7\"         id=\"bwg_thumbnails_0\"         class=\"bwg-container-0 bwg-thumbnails bwg-standard-thumbnails bwg-container bwg-border-box\">            <div class=\"bwg-item\">        <a class=\"bwg-a  bwg_lightbox\"  data-image-id=\"1084\" href=\"https:\/\/www.marienviertel.de\/rohlofs\/wordpress\/wp-content\/uploads\/photo-gallery\/Image1-1926.jpg\" data-elementor-open-lightbox=\"no\">                <div class=\"bwg-item0 \">          <div class=\"bwg-item1 \">            <div class=\"bwg-item2\">              <img decoding=\"async\" class=\"skip-lazy bwg_standart_thumb_img_0 \"                   data-id=\"1084\"                   data-width=\"\"                   data-height=\"\"                   data-src=\"https:\/\/www.marienviertel.de\/rohlofs\/wordpress\/wp-content\/uploads\/photo-gallery\/thumb\/Image1-1926.jpg\"                   src=\"https:\/\/www.marienviertel.de\/rohlofs\/wordpress\/wp-content\/uploads\/photo-gallery\/thumb\/Image1-1926.jpg\"                   alt=\"Image1-1926\"                   title=\"Image1-1926\" \/>            <\/div>            <div class=\"\">                                                      <\/div>          <\/div>        <\/div>                        <\/a>              <\/div>            <div class=\"bwg-item\">        <a class=\"bwg-a  bwg_lightbox\"  data-image-id=\"1085\" href=\"https:\/\/www.marienviertel.de\/rohlofs\/wordpress\/wp-content\/uploads\/photo-gallery\/Image2-1952.jpg\" data-elementor-open-lightbox=\"no\">                <div class=\"bwg-item0 \">          <div class=\"bwg-item1 \">            <div class=\"bwg-item2\">              <img decoding=\"async\" class=\"skip-lazy bwg_standart_thumb_img_0 \"                   data-id=\"1085\"                   data-width=\"\"                   data-height=\"\"                   data-src=\"https:\/\/www.marienviertel.de\/rohlofs\/wordpress\/wp-content\/uploads\/photo-gallery\/thumb\/Image2-1952.jpg\"                   src=\"https:\/\/www.marienviertel.de\/rohlofs\/wordpress\/wp-content\/uploads\/photo-gallery\/thumb\/Image2-1952.jpg\"                   alt=\"Image2-1952\"                   title=\"Image2-1952\" \/>            <\/div>            <div class=\"\">                                                      <\/div>          <\/div>        <\/div>                        <\/a>              <\/div>            <div class=\"bwg-item\">        <a class=\"bwg-a  bwg_lightbox\"  data-image-id=\"1086\" href=\"https:\/\/www.marienviertel.de\/rohlofs\/wordpress\/wp-content\/uploads\/photo-gallery\/Image3-1969.jpg\" data-elementor-open-lightbox=\"no\">                <div class=\"bwg-item0 \">          <div class=\"bwg-item1 \">            <div class=\"bwg-item2\">              <img decoding=\"async\" class=\"skip-lazy bwg_standart_thumb_img_0 \"                   data-id=\"1086\"                   data-width=\"\"                   data-height=\"\"                   data-src=\"https:\/\/www.marienviertel.de\/rohlofs\/wordpress\/wp-content\/uploads\/photo-gallery\/thumb\/Image3-1969.jpg\"                   src=\"https:\/\/www.marienviertel.de\/rohlofs\/wordpress\/wp-content\/uploads\/photo-gallery\/thumb\/Image3-1969.jpg\"                   alt=\"Image3-1969\"                   title=\"Image3-1969\" \/>            <\/div>            <div class=\"\">                                                      <\/div>          <\/div>        <\/div>                        <\/a>              <\/div>            <div class=\"bwg-item\">        <a class=\"bwg-a  bwg_lightbox\"  data-image-id=\"1087\" href=\"https:\/\/www.marienviertel.de\/rohlofs\/wordpress\/wp-content\/uploads\/photo-gallery\/Image4-1990.jpg\" data-elementor-open-lightbox=\"no\">                <div class=\"bwg-item0 \">          <div class=\"bwg-item1 \">            <div class=\"bwg-item2\">              <img decoding=\"async\" class=\"skip-lazy bwg_standart_thumb_img_0 \"                   data-id=\"1087\"                   data-width=\"\"                   data-height=\"\"                   data-src=\"https:\/\/www.marienviertel.de\/rohlofs\/wordpress\/wp-content\/uploads\/photo-gallery\/thumb\/Image4-1990.jpg\"                   src=\"https:\/\/www.marienviertel.de\/rohlofs\/wordpress\/wp-content\/uploads\/photo-gallery\/thumb\/Image4-1990.jpg\"                   alt=\"Image4-1990\"                   title=\"Image4-1990\" \/>            <\/div>            <div class=\"\">                                                      <\/div>          <\/div>        <\/div>                        <\/a>              <\/div>            <div class=\"bwg-item\">        <a class=\"bwg-a  bwg_lightbox\"  data-image-id=\"1088\" href=\"https:\/\/www.marienviertel.de\/rohlofs\/wordpress\/wp-content\/uploads\/photo-gallery\/Image5-1998.jpg\" data-elementor-open-lightbox=\"no\">                <div class=\"bwg-item0 \">          <div class=\"bwg-item1 \">            <div class=\"bwg-item2\">              <img decoding=\"async\" class=\"skip-lazy bwg_standart_thumb_img_0 \"                   data-id=\"1088\"                   data-width=\"\"                   data-height=\"\"                   data-src=\"https:\/\/www.marienviertel.de\/rohlofs\/wordpress\/wp-content\/uploads\/photo-gallery\/thumb\/Image5-1998.jpg\"                   src=\"https:\/\/www.marienviertel.de\/rohlofs\/wordpress\/wp-content\/uploads\/photo-gallery\/thumb\/Image5-1998.jpg\"                   alt=\"Image5-1998\"                   title=\"Image5-1998\" \/>            <\/div>            <div class=\"\">                                                      <\/div>          <\/div>        <\/div>                        <\/a>              <\/div>          <\/div>    <style>      \/*pagination styles*\/      #bwg_container1_0 #bwg_container2_0 .tablenav-pages_0 {\t\t\t\ttext-align: center;\t\t\t\tfont-size: 12px;\t\t\t\tfont-family: segoe ui;\t\t\t\tfont-weight: bold;\t\t\t\tcolor: #666666;\t\t\t\tmargin: 6px 0 4px;\t\t\t\tdisplay: block;      }      @media only screen and (max-width : 320px) {      #bwg_container1_0 #bwg_container2_0 .displaying-num_0 {     \t display: none;      }      }      #bwg_container1_0 #bwg_container2_0 .displaying-num_0 {\t\t\t\tfont-size: 12px;\t\t\t\tfont-family: segoe ui;\t\t\t\tfont-weight: bold;\t\t\t\tcolor: #666666;\t\t\t\tmargin-right: 10px;\t\t\t\tvertical-align: middle;      }      #bwg_container1_0 #bwg_container2_0 .paging-input_0 {\t\t\t\tfont-size: 12px;\t\t\t\tfont-family: segoe ui;\t\t\t\tfont-weight: bold;\t\t\t\tcolor: #666666;\t\t\t\tvertical-align: middle;      }      #bwg_container1_0 #bwg_container2_0 .tablenav-pages_0 a.disabled,      #bwg_container1_0 #bwg_container2_0 .tablenav-pages_0 a.disabled:hover,      #bwg_container1_0 #bwg_container2_0 .tablenav-pages_0 a.disabled:focus,\t\t\t#bwg_container1_0 #bwg_container2_0 .tablenav-pages_0 input.bwg_current_page {\t\t\t\tcursor: default;\t\t\t\tcolor: rgba(102, 102, 102, 0.5);      }      #bwg_container1_0 #bwg_container2_0 .tablenav-pages_0 a,      #bwg_container1_0 #bwg_container2_0 .tablenav-pages_0 input.bwg_current_page {\t\t\t\tcursor: pointer;\t\t\t\ttext-align: center;\t\t\t\tfont-size: 12px;\t\t\t\tfont-family: segoe ui;\t\t\t\tfont-weight: bold;\t\t\t\tcolor: #666666;\t\t\t\ttext-decoration: none;\t\t\t\tpadding: 3px 6px;\t\t\t\tmargin: 0;\t\t\t\tborder-radius: 0;\t\t\t\tborder-style: solid;\t\t\t\tborder-width: 1px;\t\t\t\tborder-color: #E3E3E3;\t\t\t\t\t\t\t\tbackground-color: rgba(255, 255, 255, 1.00);\t\t\t\tbox-shadow: 0;\t\t\t\ttransition: all 0.3s ease 0s;-webkit-transition: all 0.3s ease 0s;      }      <\/style>      <span class=\"bwg_nav_cont_0\">              <div class=\"tablenav-pages_0\">                  <\/div>                <input type=\"hidden\" id=\"page_number_0\" name=\"page_number_0\" value=\"1\" \/>      <script type=\"text\/javascript\">        if( jQuery('.bwg_nav_cont_0').length > 1 ) {          jQuery('.bwg_nav_cont_0').first().remove()        }        function spider_page_0(cur, x, y, load_more) {          if (typeof load_more == \"undefined\") {            var load_more = false;          }          if (jQuery(cur).hasClass('disabled')) {            return false;          }          var items_county_0 = 1;          switch (y) {            case 1:              if (x >= items_county_0) {                document.getElementById('page_number_0').value = items_county_0;              }              else {                document.getElementById('page_number_0').value = x + 1;              }              break;            case 2:              document.getElementById('page_number_0').value = items_county_0;              break;            case -1:              if (x == 1) {                document.getElementById('page_number_0').value = 1;              }              else {                document.getElementById('page_number_0').value = x - 1;              }              break;            case -2:              document.getElementById('page_number_0').value = 1;              break;\t\t\t\t\t\tcase 0:              document.getElementById('page_number_0').value = x;              break;            default:              document.getElementById('page_number_0').value = 1;          }          bwg_ajax('gal_front_form_0', '0', 'bwg_thumbnails_0', '0', '', 'gallery', 0, '', '', load_more, '', 1);        }                    jQuery('.first-page-0').on('click', function () {              spider_page_0(this, 1, -2, 'numeric');              return false;            });            jQuery('.prev-page-0').on('click', function () {              spider_page_0(this, 1, -1, 'numeric');              return false;            });            jQuery('.next-page-0').on('click', function () {              spider_page_0(this, 1, 1, 'numeric');              return false;            });            jQuery('.last-page-0').on('click', function () {              spider_page_0(this, 1, 2, 'numeric');              return false;            });        \t\t\t\t\/* Change page on input enter. *\/        function bwg_change_page_0( e, that ) {          if (  e.key == 'Enter' ) {            var to_page = parseInt(jQuery(that).val());            var pages_count = jQuery(that).parents(\".pagination-links\").data(\"pages-count\");            var current_url_param = jQuery(that).attr('data-url-info');            if (to_page > pages_count) {              to_page = 1;            }\t \t\t\t\t\t\t\t\t\t\t\t\tspider_page_0(this, to_page, 0, 'numeric');\t\t\t\t\t\t\treturn false;\t\t\t\t\t\t          }          return true;        }        jQuery('.bwg_load_btn_0').on('click', function () {            spider_page_0(this, 1, 1, true);            return false;        });      <\/script>      <\/span>                <\/div>        <\/form>        <style>          #bwg_container1_0 #bwg_container2_0 #spider_popup_overlay_0 {          background-color: #000000;          opacity: 0.70;          }          <\/style>        <div id=\"bwg_spider_popup_loading_0\" class=\"bwg_spider_popup_loading\"><\/div>        <div id=\"spider_popup_overlay_0\" class=\"spider_popup_overlay\" onclick=\"spider_destroypopup(1000)\"><\/div>        <input type=\"hidden\" id=\"bwg_random_seed_0\" value=\"708709585\">                <\/div>    <\/div>    <script>      if (document.readyState === 'complete') {        if( typeof bwg_main_ready == 'function' ) {          if ( jQuery(\"#bwg_container1_0\").height() ) {            bwg_main_ready(jQuery(\"#bwg_container1_0\"));          }        }      } else {        document.addEventListener('DOMContentLoaded', function() {          if( typeof bwg_main_ready == 'function' ) {            if ( jQuery(\"#bwg_container1_0\").height() ) {             bwg_main_ready(jQuery(\"#bwg_container1_0\"));            }          }        });      }    <\/script>    \n","protected":false},"excerpt":{"rendered":"<p>Neu auf dieser Seite (ganz unten): Luftbilder, die die Entwicklung unserer Ecke von 1926 bis 1998 zeigen &#8230; Als Anfang der 60er Jahre unser Stra\u00dfennamensgeber Bauer Rohlof seinen Hof aufgab, damit dort die Gerhart-Hauptmann-Realschule gebaut werden konnte, erwarb die Dorstener Maschinenfabrik einen schmalen Grundst\u00fccksteil am \u00f6stlichen Rand. Ab Anfang der 70er Jahre verkaufte die Dorstener &hellip; <a href=\"https:\/\/www.marienviertel.de\/rohlofs\/geschichte\/\" class=\"more-link\"><span class=\"screen-reader-text\">&#8222;Geschichte&#8220; <\/span>weiterlesen<\/a><\/p>\n","protected":false},"author":1,"featured_media":0,"parent":0,"menu_order":0,"comment_status":"closed","ping_status":"closed","template":"","meta":{"footnotes":""},"_links":{"self":[{"href":"https:\/\/www.marienviertel.de\/rohlofs\/wp-json\/wp\/v2\/pages\/7"}],"collection":[{"href":"https:\/\/www.marienviertel.de\/rohlofs\/wp-json\/wp\/v2\/pages"}],"about":[{"href":"https:\/\/www.marienviertel.de\/rohlofs\/wp-json\/wp\/v2\/types\/page"}],"author":[{"embeddable":true,"href":"https:\/\/www.marienviertel.de\/rohlofs\/wp-json\/wp\/v2\/users\/1"}],"replies":[{"embeddable":true,"href":"https:\/\/www.marienviertel.de\/rohlofs\/wp-json\/wp\/v2\/comments?post=7"}],"version-history":[{"count":15,"href":"https:\/\/www.marienviertel.de\/rohlofs\/wp-json\/wp\/v2\/pages\/7\/revisions"}],"predecessor-version":[{"id":473,"href":"https:\/\/www.marienviertel.de\/rohlofs\/wp-json\/wp\/v2\/pages\/7\/revisions\/473"}],"wp:attachment":[{"href":"https:\/\/www.marienviertel.de\/rohlofs\/wp-json\/wp\/v2\/media?parent=7"}],"curies":[{"name":"wp","href":"https:\/\/api.w.org\/{rel}","templated":true}]}}